et k(q) = -5*m(q) + 2*v(q). Let g(z) = z**2 - z + 1. Let w be g(0). Let h = w + -1. Give k(h).
-7
Let v(z) = 2*z - 1. Let d be (0 - (1 - 2)) + -2. Let i = 0 - d. What is v(i)?
1
Let t(s) be the first derivative of 3*s**2/2 - s - 1. Suppose 0 = 2*p - 5*p - 3. Let g(u) = u. Let c be g(p). Determine t(c).
-4
Suppose -3*x + x + 8 = 5*z, -4*x - 10 = -3*z. Let n(d) = 4*d**2 - d - 2. Calculate n(z).
12
Suppose -b = 2*u - 11, 0 = u - 2*u + 5*b - 22. Let m(s) = -3*s**3 - 3*s**2 + 5 - 2 + 3*s**3 + s**u. Give m(3).
3
Let x(n) be the second derivative of -1/12*n**4 + 0 - 7/2*n**2 + n - n**3. Give x(-6).
-7
Let u(f) = -4*f**2 + f**3 + 0*f**3 - 2*f**3 + 4. What is u(-3)?
-5
Let h(i) = i**2 - 1 + 0*i + 0 - i. Let c(l) = 2*l**2 - 3*l - 2. Let b be c(0). Determine h(b).
5
Suppose -f = 4*f. Let g(t) = -7*t**2 + 5*t - 4 + 8*t**2 - 3*t**2 + f*t. What is g(3)?
-7
Let g(q) = -2*q + 0*q + 0*q - 1. Suppose -b + 4*b = i + 10, 0 = -3*b + 4*i - 5. Let m = -8 + b. Give g(m).
5
Let f(n) = -n. Let g = 4 - 4. Suppose g = -3*o + 2*c + 4, -o + 4 = 3*c - c. Let d = o + -4. Calculate f(d).
2
Let b(p) = p + 1. Let m(k) = -2*k - 1. Let u(o) = 5*b(o) + 2*m(o). Suppose -f = -5*i - 13, -1 = -3*f + 8. Give u(i).
1
Let w(f) = -835*f**2 + 3 + f - 7*f + 836*f**2. What is w(6)?
3
Let z = 120 - 119. Let u(q) = 3*q**2 + q - 1. Calculate u(z).
3
Let t(r) = -1 - 7*r + 15*r - 7*r. What is t(-6)?
-7
Let o(a) = 6*a. Let g be (-8 - (1 - 2))*1. Let b(z) = z + 8. Let x be b(g). Determine o(x).
6
Let a(h) = -h**2 + 3*h + 4. Let j = 2 - -2. Suppose 4*v = i - 10, 0 = 2*v + j*i - 3 - 1. Let b be (v + 3)*(7 - 2). Give a(b).
-6
Let g(u) = -2*u + 27. Let f be g(12). Let y(r) be the third derivative of r**6/120 - r**5/15 + r**4/8 - r**3/6 - r**2. Determine y(f).
-1
Let s(t) = -4*t + 3. Let m(k) = 2*k**2 - 3*k. Let o be m(2). Suppose 3 = w + 5*r - r, -2*w = o*r - 6. What is s(w)?
-9
Let t(p) = -3*p + 4. Let g be t(2). Let x(u) be the second derivative of -u**4/12 - 2*u**3/3 - 3*u**2/2 + u. Give x(g).
1
Let r(l) be the second derivative of -l**4/6 + l**3/3 - 3*l**2/2 + 4*l. Give r(2).
-7
Let b(l) be the first derivative of -3/2*l**2 + 3 - 5*l + 1/3*l**3. Determine b(5).
5
Let y be 2/3 + 26/6. Let s(p) = -7*p**3 + 10*p**2 + 13*p - 10. Let h(x) = -13*x**3 + 19*x**2 + 25*x - 19. Let g(d) = 6*h(d) - 11*s(d). Calculate g(y).
6
Let o(r) = -r**2 + 11*r - 15. Let f be o(10). Let s(b) = 16*b**2 - 3 - 2 - 15*b**2 + 3*b + 1. Give s(f).
6
Let g(r) = 2*r**2 + 10*r - 8. Let x be g(-6). Let j(m) = m**2 - 6*m + 5. Calculate j(x).
-3
Let f(w) = 7*w + 8. Let b(y) = -3 - 6 - 3*y + 2 + 3. Let r(i) = -5*b(i) - 2*f(i). Give r(3).
7
Let b(t) = 3*t**3 + 3*t**2 - 2*t - 1. Let c(r) = -r**2 + r. Let q = -11 - -10. Let z(a) = q*b(a) - 3*c(a). Give z(1).
-3
Let q(c) be the first derivative of c**4/4 + c**3 - 7*c**2/2 + c + 19. Let z = 8 - 13. What is q(z)?
-14
Let x(h) = -2*h + 3*h + 8 + 0*h. What is x(-7)?
1
Suppose 5*p + 3*t + 15 = 0, 2*p + 10 = -2*t - 0*t. Let f(a) = 5*a - 8 + p + a**2 + 6. Give f(-4).
-6
Let m(n) be the third derivative of 1/4*n**4 + 1/6*n**3 + 2*n**2 + 0*n + 0. Give m(-1).
-5
Let c(k) = 5*k + 25. Let n be c(-6). Let v(y) = y**3 + 3*y**2 - 6*y + 7. Calculate v(n).
-13
Suppose 0 = -d + 4*r - 17, 0 = -3*d - 8*r + 3*r + 34. Let g(v) = 6*v**2 + v - d*v**2 - 2*v**2. Let y = 2 - 3. Determine g(y).
0
Let r(q) be the third derivative of -q**5/60 + q**4/12 - q**3/6 - q**2. Let t(i) be the first derivative of r(i). Calculate t(-3).
8
Let m(c) = 2*c + 1. Let o(f) = -36*f**3. Let w be o(1). Let g be 96/w - (-2)/3. Give m(g).
-3
Let q = 12 - 8. Let g(u) = -u + 3. Let a be g(q). Let p(l) be the first derivative of l**3 + l**2 + l + 28. Determine p(a).
2
Let g be 2/(2/(8/(-2))). Let t(w) = -w**2 + 5*w - 2. Let k be t(4). Let r(y) = -2*y - y - 2*y + k + 4*y. What is r(g)?
6
Let r(q) = -10*q + 7*q - 1 + 5*q. Calculate r(-1).
-3
Let p(k) = -2. Let d(v) = -v + 1. Let l(z) = 5*d(z) + 4*p(z). Let t(o) = -o**2 - 5*o - 2. Let j be t(-5). What is l(j)?
7
Let j(g) be the second derivative of g**6/360 + 7*g**5/120 + 3*g**4/8 + 2*g**3/3 - 3*g. Let v(x) be the second derivative of j(x). Determine v(-6).
3
Let i(k) be the first derivative of k - 4 - 1/3*k**3 - 1/2*k**2. What is i(0)?
1
Let i(d) = -5 + 2 + 2 + 0 - d. Calculate i(0).
-1
Let v = 20 + -12. Let l = v - 4. Let g(p) = -p**3 + 3*p**2 + 6*p - 3. Give g(l).
5
Suppose 4*h + 2*t - 14 = 3*t, -h - 2*t = -8. Let r(d) = -d**3 + 4*d**2 - 2*d. Give r(h).
-8
Let k(q) = -q**3 - 5*q**2 - 7*q - 4. Suppose -3*y - 3*t = 33, -4*y + 5*t - 44 = t. Let f = 16 + y. Suppose -f*x = -4*a + 12, a + 6 = -2*x + x. Calculate k(x).
8
Let u(f) be the third derivative of -f**4/24 - f**3/6 + 4*f**2. Let s(k) = k - 9. Let q be s(0). Let h be 6/q - 34/(-6). Give u(h).
-6
Let f(k) = 5*k + 2. Let p be (-4)/(-26) + (-164)/52. Give f(p).
-13
Let v = -3 - -2. Let o(d) = 10*d**2 + 16*d - 2. Let a(w) = 5*w**2 + 7*w - 1. Let i(b) = 9*a(b) - 4*o(b). Give i(v).
5
Let u(r) = -5*r - 1. Suppose -5 = 2*p + 3. Suppose 5 = 2*a - 1. Let g = a + p. Determine u(g).
4
Suppose -4*g - 2*s + 32 = 0, 13 = 3*g + s - 12. Suppose g = 4*i + 45. Let y = -11 - i. Let f(m) = -m**2 - 3*m - 3. Determine f(y).
-1
Let p be 5 + 0 + 1 + -8. Let i(f) = f**3 + 2. Determine i(p).
-6
Let w(l) = -5*l**3 + 26*l**2 - 6*l - 17. Let i(u) = -2*u**3 + 9*u**2 - 2*u - 6. Let n(b) = 8*i(b) - 3*w(b). Calculate n(-6).
-9
Let b(m) = -m**3 + 3*m**2 - 4*m + 2. Let o(z) = -z - 5. Let d be o(-6). Let s be 1 + (1 + 0)/d. What is b(s)?
-2
Let l(s) = s**2 + 3*s - 7. Let q be l(-7). Let m = -27 + q. Let n(c) = -c + 6. Calculate n(m).
12
Suppose -5*q + 3*a = -17, -5*q = -q - 4*a - 12. Let i(k) = 102*k + 0 - k**2 - 94*k - 4. Give i(q).
12
Let w be 4/22 + (-13)/11. Let a be w/3 + 10/(-6). Let g(h) = -h**2. What is g(a)?
-4
Let t(w) be the second derivative of 5*w**3/6 - 3*w**2/2 - 78*w. Determine t(2).
7
Suppose 2 = 3*a - 4. Suppose -6*t + a = -4. Let u(s) = 9*s**2 - 17*s + 15. Let h(x) = 5*x**2 - 8*x + 7. Let p(f) = 13*h(f) - 6*u(f). Calculate p(t).
10
Let j(g) = 0*g - 4*g + g - 3 + 0*g**2 - g**2. What is j(-2)?
-1
Let a(z) = z**2 + 4*z - 5. Let k(s) = s**3 + 6*s**2 + s. Let h be k(-6). Give a(h).
7
Let m(y) be the first derivative of -y**4/4 - 2*y**3 - y + 5. Calculate m(-6).
-1
Let d(h) = -h - 9. Let g be 0*(3 - (-4)/(-1)). Determine d(g).
-9
Let c(l) = 5 + 3*l**2 + 5*l - l**2 - 3*l**2. Suppose -4*y - d = 8 - 26, -y + 2*d + 9 = 0. What is c(y)?
5
Let f(u) = 3 - 4*u - 4 + 3*u. Let i(n) = 4*n**3 - n**3 - 2*n**3 + 9*n + 11 + 9*n**2. Let r be i(-8). What is f(r)?
-4
Let a(d) = d**2 - 6*d + 7. Suppose -5*b - 15 = -v - v, 0 = -v - b + 18. Suppose -v = -2*s - s. Give a(s).
2
Let g(f) = -f**3 - 4*f**2 - 2*f - 2. Let j be g(-3). Let q(i) = i**2 + 5*i - 4. Determine q(j).
-4
Suppose 36 - 28 = -4*c. Let x(t) = 2*t**3 + 3*t**2 + 2*t + 3. Give x(c).
-5
Suppose 3*j + 3 + 0 = 0. Let t(c) = c**2 - c - 1. Let o be -1 + 0/((-4)/(-2)). Let w(f) = -2*f - 3. Let z(k) = o*w(k) + 4*t(k). What is z(j)?
5
Let p(s) = -s + 6. Let q(x) = -2*x + 9. Let v(g) = -7*p(g) + 5*q(g). Let w = -4 - -6. Determine v(w).
-3
Let w(h) = h**3 - 5*h**2 + 5. Let a(d) = -d - 1. Let u(l) = -6*a(l) - w(l). Let z(s) = -s**3 - 8*s**2 - s + 2. Let y be z(-8). Let b = 16 - y. Give u(b).
1
Let q(y) = -y**3 + y**2 + 2*y. Let j = 34 + 2. Let n be (-4)/18 - (-80)/j. Let w be n - (-2 + 6/3). Determine q(w).
0
Let y = -1 + -5. Let m(t) = -8*t**3 + 5*t**2 + 1. Let z(v) = 9*v**3 - 6*v**2 - 1. Let k(n) = y*m(n) - 5*z(n). Calculate k(1).
2
Let j(z) = z**3 - 1. Let q = 40 + -40. Determine j(q).
-1
Let c(d) = d + 10. Let g be c(-8). Suppose r - g*r = 2. Let b(v) = -2*v**2 - 4*v - 3. What is b(r)?
-3
Let v(h) = 2*h. Let u be ((-4)/8)/((5/(-8))/5). Calculate v(u).
8
Let a(v) be the first derivative of -v**2 - 1/4*v**4 + 0*v - 6 + 5/3*v**3. Give a(4).
8
Let a be (-7)/14 - 2/(-4). Suppose j - 2 + 4 = 2*s, 0 = -4*s + 4*j. Let l(p) = 1 + a*p**2 + s - p**2 - 2*p + p. Give l(-4).
-9
Let x(h) = -26*h + 26*h + h**2. Determine x(-2).
4
Suppose -3*a - 28 + 9 = 5*p, 2*a = -2*p - 10. Let k(x) = -4*x + 5. Let v(y) = 0 + 2 - 2*y + 0*y. Let d(n) = 6*k(n) - 13*v(n). Determine d(a).
-2
Let r(c) be the second derivative of 0 - 1/2*c**2 - 2*c - 1/20*c**5 - 1/3*c**3 - 1/4*c**4. Let m(a) = -a**3 - 7*a**2 - 7*a - 9. Let i be m(-6). Calculate r(i).
5
Let m(v) = 